ighest common divisor of j and c?
15
Suppose 0 = -h + 4*h + 6, 0 = 5*u - 3*h - 36. Let j = 47 - 30. Let y = 7 + j. What is the highest common divisor of y and u?
6
Let l be 1/((-18)/4) - 1534/(-18). What is the greatest common factor of l and 17?
17
Let m = -7 + 13. Suppose -4*a = -2*w - 12, 2*a + 3*a - 5*w = 20. Let g be 1504/28 + a/7. Calculate the greatest common factor of g and m.
6
Let z be 0 + 2 + (2 - 0). Suppose 16 = 5*g - 4, 192 = p + z*g. What is the highest common divisor of p and 16?
16
Let k(z) = 52*z - 2. Let h be k(1). Calculate the highest common factor of h and 20.
10
Suppose 0 = -5*g + g + 60. Suppose -h = 2*f - 6, 0 = 5*f - 4 - 1. Suppose y = -3*y - 8, 2*a = -h*y - 2. Calculate the highest common divisor of a and g.
3
Suppose -w = 3*w + d - 147, -2*d - 124 = -3*w. Suppose -3*b = w - 632. Calculate the highest common divisor of b and 18.
18
Let j be ((-50)/(-8))/(-5)*-60. Calculate the greatest common factor of j and 15.
15
Suppose -2*k - 3*b = -24, 3*k + 18 = 4*k + 3*b. Suppose 0 = 4*y - 6 - 2. Calculate the greatest common factor of k and y.
2
Let m = -507 - -37. Let p be 1/(-2) - m/4. Let c(n) = -n**2 - n + 13. Let a be c(0). What is the greatest common divisor of a and p?
13
Let t be (0 + (-21)/6)/(2/(-8)). What is the highest common divisor of 154 and t?
14
Let a = -3 - -8. Suppose 2*n - 5 + 138 = a*u, u = -2*n + 29. What is the greatest common factor of u and 135?
27
Let z(r) = -4*r - 10. Let y be z(-3). Let p be 447/6 - y/(-4). What is the greatest common factor of p and 25?
25
Suppose 3*j = 6*d - 2*d - 1, 7 = 3*d - j. Suppose d*r - 3*r - 8 = b, -3*r + 2*b + 24 = 0. Calculate the greatest common factor of r and 1.
1
Let z = -5 - -3. Let i(g) = g**2 + 6*g - 19. Let j be i(-9). Let h be z/8 - (-178)/j. What is the greatest common factor of h and 11?
11
Let q = 18 - 15. Let z be (q + -195)*9/(-12). What is the highest common factor of 16 and z?
16
Let l = -35 - -67. Calculate the highest common divisor of 8 and l.
8
Let z(q) = q**3 + 6*q**2 - 9*q - 7. Let x be z(-7). What is the greatest common divisor of x and 49?
7
Suppose -5*i - 3 = -8*i. What is the greatest common divisor of 11 and i?
1
Let v(u) = 4*u**2 + u + 46. Let l be v(0). Let h = 56 + 13. What is the highest common divisor of h and l?
23
Suppose 0 = -l - 5*p + 36, 0 = 2*l + 2*p - 0*p - 56. Let r be (-2)/6*-3*l. What is the greatest common factor of r and 39?
13
Let m(d) = d**3 - 8*d**2 - 10*d + 11. Suppose -4*f - 5 = -2*t + 21, 3*f - 3 = -t. Let g be m(t). What is the highest common divisor of 10 and g?
2
Suppose -33 = -4*s - 9. Calculate the greatest common factor of 66 and s.
6
Let r = -1 - -2. Suppose 5 = -n - r. Let w = 6 - n. What is the highest common factor of w and 120?
12
Let t(l) = 5*l**3 - 3*l**2 - 5*l + 7. Let h(d) = -d**3 + d**2 - 1. Let i(v) = -6*h(v) - t(v). Let k be i(4). Calculate the greatest common divisor of k and 14.
7
Suppose d - f - 47 = 0, -3*d + 147 = 2*f - 3*f. Calculate the highest common factor of 40 and d.
10
Let g be (35 - (1 + 0)) + -3. Calculate the highest common divisor of g and 62.
31
Let g be (14/4)/(3/24). Let o(n) = n**2 + 4*n + 10. Let q be o(6). Calculate the highest common divisor of g and q.
14
Suppose 0 = -2*o - o + 96. Let r = 882 - 874. What is the greatest common divisor of r and o?
8
Let l = -108 - -152. What is the greatest common divisor of l and 66?
22
Let p be 1*-9*(-5)/(-15). Let n be p - (-3 - -1) - -3. What is the greatest common factor of 2 and n?
2
Let k(z) = z**3 - 6*z**2 + 4*z - 8. Let h be k(6). Let t = 143 + 17. What is the highest common divisor of h and t?
16
Let n be -70 + 0/(4/2). Suppose 3*w - 158 = 157. Let b = n + w. What is the greatest common factor of b and 5?
5
Let x = 8 - 6. Let b be x/6*(-3)/(-1). Suppose -5*f - a = -5*a - 1, f - 3*a = -2. What is the highest common divisor of b and f?
1
Let v(a) = -2*a - 6. Let s be v(-6). Calculate the highest common factor of 54 and s.
6
Let m(o) = o**3 + 4*o**2 + 2*o - 2. Let n be m(-2). Let h be (9 - 18)*(-4 + n). Calculate the highest common factor of 18 and h.
18
Let s(l) = 9*l + 1. Let j be s(6). Suppose 12 = -x + 3*x. Suppose -3*g + x + 27 = 0. Calculate the greatest common factor of g and j.
11
Suppose -7*p + 39 = -31. What is the greatest common factor of p and 10?
10
Let s(v) be the third derivative of -1/12*v**4 + 0*v + v**2 + 1/2*v**3 + 0. Let n be s(-9). Calculate the greatest common divisor of 189 and n.
21
Let n be (-442)/(-4) + (-18)/(-12). Calculate the highest common divisor of n and 14.
14
Suppose -6 = 2*y - 4*y. Suppose -n + 6*n - 10 = 0. Calculate the highest common factor of y and n.
1
Suppose -3*v = 2*v + 25. Let t be -75*(7/v - -1). Let m be (-2)/(-4) + t/4. Calculate the highest common divisor of m and 24.
8
Let g be ((-4)/14)/(9/(-63)). Calculate the highest common divisor of g and 8.
2
Let x be 182 - (-2)/3*-3. Calculate the greatest common factor of 20 and x.
20
Suppose -225 - 531 = -2*x. Calculate the greatest common divisor of x and 42.
42
Suppose -4*f = -2*l - 74, -f + l - 26 = -2*f. Calculate the greatest common divisor of f and 7.
7
Let h = 5 - -13. Suppose 2*i + 5*w = 4*i + h, -22 = 5*i - w. Let k = i - -8. Calculate the greatest common factor of 20 and k.
4
Let i be 122*2 + (-2)/1. Calculate the highest common factor of 22 and i.
22
Let i = 9 + -5. Let c be 3/(-12) - (-49)/i. Calculate the greatest common factor of c and 4.
4
Let k = -5 - 25. Let m = 86 + k. What is the greatest common factor of 8 and m?
8
Suppose 3*w - y = -4*y + 60, w + 4*y - 32 = 0. Calculate the greatest common divisor of w and 16.
16
Let d(x) = -2*x**2 + 4*x - 5. Let j be d(-4). Let u be 22/121 + j/(-11). Calculate the highest common factor of 15 and u.
5
Let r(c) = -c**2 - 8*c - 8. Let a be r(-6). Let x be -1 + 30/(1 - a). Let l be (x + -1)*1*-1. Calculate the greatest common divisor of l and 12.
12
Suppose 4*h - 4 - 8 = 0. Suppose -2*p + h = -9. What is the greatest common divisor of p and 3?
3
Let w = 354 + -242. Let l(f) = f**3 - 3*f**2 - 8*f + 4. Let c be l(5). What is the greatest common divisor of w and c?
14
Let h(g) = -9*g**3 - g**2 - 2*g - 1. Let r be h(-1). Calculate the greatest common divisor of r and 63.
9
Suppose 81 + 909 = 5*c + 3*l, -4*l = -20. Calculate the highest common divisor of 13 and c.
13
Let v(t) = 3*t**2 - 9*t + 3. Let i be v(6). Suppose -5*d + i = -743. Calculate the greatest common factor of d and 20.
20
Let a be (0 + 2)*(5 + -3). Calculate the highest common divisor of a and 8.
4
Let p(u) = -19*u - 12. Let o be p(-8). What is the highest common factor of o and 56?
28
Let z be ((-16)/20 - (-3)/(-15))*-3. Calculate the highest common factor of z and 27.
3
Let h(b) = 8*b**3 - 4*b**2 - b + 2. Let t be h(2). What is the highest common divisor of 24 and t?
24
Let z = 77 - 23. Calculate the highest common divisor of z and 36.
18
Let t(r) be the second derivative of r**5/20 - r**4/3 + r**3/3 + r**2 + r. Let u be t(4). Let d = 0 - -2. What is the greatest common divisor of u and d?
2
Let z = 12 + -4. Calculate the highest common divisor of 4 and z.
4
Suppose 471 = 3*u + 93. Suppose 106 = 5*m + 36. What is the highest common factor of m and u?
14
Let d be -1*((-24)/(-1))/1. Let f = 44 + d. Suppose 4*u - 4 = f. What is the greatest common divisor of 2 and u?
2
Let w(p) = -p**2 - 14*p - 35. Let h be w(-7). Calculate the greatest common divisor of h and 28.
14
Let a(n) = -9*n + 9. Let l be a(-5). Let c(s) = s**3 - 10*s**2 + 9*s - 1. Let m be c(9). Let b be 3 + 17 + 2*m. Calculate the highest common divisor of l and b.
18
Suppose 2*y + y + d - 25 = 0, 2*d - 32 = -4*y. Let j be (-6)/y - 170/(-3). Calculate the greatest common divisor of 8 and j.
8
Let m = -42 - -129. What is the greatest common divisor of m and 29?
29
Let j(u) = -3*u + 26. Let b be j(6). What is the greatest common divisor of b and 12?
4
Suppose 2*c + 2 = c. Let q be 45 - 0/(-5 - c). What is the greatest common divisor of q and 5?
5
Let r be (-2)/(-1 + 30/34). Suppose 0 = -5*z - 3 - r. Let k = z + 19. Calculate the greatest common factor of k and 45.
15
Suppose 18*o - 19*o = -3. Calculate the highest common factor of 27 and o.
3
Suppose x - 40 = 6*x + d, -5*d = 0. Let n = x - -50. What is the greatest common factor of n and 6?
6
Let i be 9 - 1*(1 - 0). Let n(l)